01 (base 3) to base 8.
-12
26 (base 13) to base 5
112
What is 11 (base 2) in base 9?
3
Convert -5 (base 7) to base 12.
-5
What is -202 (base 4) in base 2?
-100010
What is 11 (base 2) in base 3?
10
3 (base 15) to base 16
3
What is -33 (base 16) in base 12?
-43
What is -1010 (base 3) in base 16?
-1e
What is -2 (base 10) in base 4?
-2
5 (base 7) to base 13
5
What is -3 (base 8) in base 16?
-3
What is 202 (base 4) in base 15?
24
Convert -6b (base 14) to base 7.
-164
0 (base 2) to base 7
0
110110 (base 2) to base 16
36
-1 (base 14) to base 7
-1
Convert 53 (base 16) to base 11.
76
What is 0 (base 8) in base 6?
0
Convert -1000 (base 3) to base 14.
-1d
What is 2 (base 3) in base 6?
2
What is 43 (base 7) in base 2?
11111
What is -2 (base 10) in base 7?
-2
What is -5 (base 16) in base 4?
-11
What is -29 (base 13) in base 9?
-38
What is -4 (base 14) in base 13?
-4
What is 2 (base 16) in base 13?
2
What is -45 (base 12) in base 4?
-311
43 (base 6) to base 11
25
Convert 177 (base 14) to base 13.
1a2
What is 26 (base 14) in base 7?
46
What is -3 (base 8) in base 9?
-3
What is 28 (base 14) in base 13?
2a
4a (base 16) to base 12
62
Convert 350 (base 6) to base 10.
138
-30 (base 13) to base 12
-33
-29 (base 10) to base 7
-41
Convert -10 (base 16) to base 7.
-22
-8 (base 16) to base 8
-10
What is 43 (base 10) in base 12?
37
15b (base 15) to base 5
2221
Convert -64 (base 9) to base 5.
-213
What is 102 (base 5) in base 14?
1d
What is 1 (base 15) in base 6?
1
-41 (base 11) to base 5
-140
6 (base 7) to base 6
10
What is -17 (base 9) in base 15?
-11
-4 (base 14) to base 16
-4
What is -133 (base 5) in base 7?
-61
59 (base 13) to base 4
1022
-1035 (base 6) to base 9
-285
What is 2 (base 13) in base 12?
2
Convert 7 (base 16) to base 6.
11
Convert 0 (base 16) to base 6.
0
Convert -a (base 15) to base 3.
-101
Convert 4 (base 15) to base 4.
10
What is 436 (base 8) in base 4?
10132
What is 0 (base 14) in base 10?
0
Convert -17 (base 11) to base 8.
-22
19 (base 16) to base 6
41
Convert 3 (base 7) to base 5.
3
Convert 6 (base 15) to base 4.
12
What is -20102 (base 3) in base 7?
-335
What is -24 (base 9) in base 10?
-22
77 (base 14) to base 9
126
Convert -47 (base 8) to base 10.
-39
-1100001 (base 2) to base 12
-81
Convert -161 (base 7) to base 2.
-1011100
What is -1112 (base 5) in base 4?
-2131
What is -116 (base 8) in base 9?
-86
Convert -2 (base 9) to base 10.
-2
1 (base 8) to base 11
1
Convert 12 (base 13) to base 16.
f
What is 0 (base 15) in base 16?
0
What is 551 (base 6) in base 5?
1321
What is -5 (base 7) in base 14?
-5
1023 (base 7) to base 9
440
Convert 0 (base 7) to base 5.
0
-5 (base 10) to base 3
-12
Convert 3 (base 14) to base 12.
3
What is e (base 15) in base 16?
e
1b (base 16) to base 14
1d
Convert 5 (base 11) to base 13.
5
10010 (base 2) to base 10
18
What is 1d (base 14) in base 15?
1c
Convert -72 (base 11) to base 15.
-54
-101011010 (base 2) to base 9
-424
Convert -4 (base 14) to base 15.
-4
What is 33 (base 10) in base 15?
23
Convert 11 (base 3) to base 13.
4
What is 70 (base 8) in base 14?
40
Convert -1011 (base 3) to base 14.
-23
Convert -13 (base 12) to base 14.
-11
What is -6 (base 15) in base 6?
-10
What is 106 (base 9) in base 3?
10020
-1 (base 9) to base 7
-1
Convert 361 (base 7) to base 16.
be
Convert -213 (base 6) to base 9.
-100
Convert -16 (base 11) to base 8.
-21
2 (base 10) to base 12
2
-55 (base 12) to base 10
-65
Convert 3 (base 15) to base 11.
3
-212 (base 8) to base 15
-93
-10011 (base 2) to base 11
-18
What is -19 (base 10) in base 5?
-34
61 (base 10) to base 15
41
What is 10 (base 4) in base 6?
4
What is -3 (base 11) in base 10?
-3
-44 (base 8) to base 4
-210
What is 14 (base 11) in base 2?
1111
Convert -10 (base 8) to base 10.
-8
What is 2 (base 10) in base 14?
2
-4 (base 5) to base 11
-4
What is -100111 (base 2) in base 7?
-54
-141 (base 8) to base 11
-89
Convert -3 (base 4) to base 10.
-3
121 (base 4) to base 14
1b
What is -3 (base 4) in base 6?
-3
40 (base 6) to base 9
26
What is 17 (base 9) in base 15?
11
What is -220 (base 3) in base 4?
-120
What is -76 (base 10) in base 3?
-2211
Convert b (base 12) to base 10.
11
What is -1030 (base 5) in base 3?
-12012
-241 (base 5) to base 4
-1013
Convert 42 (base 11) to base 4.
232
What is -323 (base 7) in base 9?
-202
What is -2c (base 14) in base 6?
-104
What is 10010 (base 2) in base 11?
17
Convert 13 (base 10) to base 6.
21
What is -22 (base 16) in base 3?
-1021
Convert -6 (base 14) to base 4.
-12
Convert -5 (base 8) to base 14.
-5
-26 (base 12) to base 16
-1e
What is 75 (base 12) in base 3?
10022
0 (base 8) to base 7
0
-3d (base 16) to base 8
-75
Convert -12 (base 6) to base 11.
-8
Convert -5 (base 10) to base 9.
-5
Convert 80 (base 15) to base 13.
93
6 (base 8) to base 15
6
What is -1 (base 12) in base 8?
-1
-5 (base 9) to base 15
-5
What is -1 (base 10) in base 9?
-1
19 (base 12) to base 14
17
-1a (base 13) to base 9
-25
What is -10 (base 9) in base 5?
-14
0 (base 3) to base 8
0
Convert -15 (base 6) to base 14.
-b
What is 8 (base 9) in base 13?
8
0 (base 10) to base 7
0
6 (base 9) to base 2
110
What is 25 (base 6) in base 8?
21
Convert 111 (base 2) to base 11.
7
3 (base 14) to base 9
3
a3 (base 12) to base 13
96
5 (base 13) to base 14
5
14 (base 8) to base 13
c
314 (base 7) to base 6
422
52 (base 8) to base 14
30
Convert -320 (base 4) to base 16.
-38
Convert -2 (base 3) to base 6.
-2
What is -1 (base 9) in base 3?
-1
-2 (base 11) to base 4
-2
Convert 1 (base 14) to base 12.
1
Convert -22 (base 4) to base 6.
-14
-1011 (base 2) to base 15
-b
Convert -6 (base 9) to base 14.
-6
What is 11021 (base 3) in base 12?
97
-2 (base 12) to base 4
-2
-4 (base 15) to base 11
-4
12 (base 9) to base 7
14
Convert -20 (base 10) to base 9.
-22
What is -3 (base 5) in base 10?
-3
Convert -13 (base 16) to base 2.
-10011
-32 (base 9) to base 12
-25
Convert -101 (base 2) to base 10.
-5
4 (base 6) to base 9
4
Convert 1003 (base 4) to base 10.
67
What is 512 (base 6) in base 4?
2330
Convert 24 (base 9) to base 5.
42
-344 (base 5) to base 11
-90
What is -7 (base 11) in base 16?
-7
Convert 0 (base 15) to base 2.
0
Convert 106 (base 8) to base 16.
46
Convert 11 (base 9) to base 6.
14
Convert -22 (base 10) to base 16.
-16
-1 (base 10) to base 6
-1
What is 1 (base 5) in base 3?
1
What is -33 (base 15) in base 5?
-143
0 (base 10) to base 15
0
What is -3 (base 4) in base 12?
-3
-104 (base 6) to base 12
-34
Convert 2 (base 3) to base 6.
2
Convert -2 (base 12) to base 9.
-2
What is 1 (base 6) in base 14?
1
What is -2 (base 9) in base 5?
-2
What is 1 (base 7) in base 5?
1
-13 (base 4) to base 2
-111
What is 85 (base 10) in base 3?
10011
What is -37 (base 8) in base 7?
-43
Convert -28 (base 16) to base 7.
-55
Convert -45 (base 6) to base 14.
-21
Convert 113 (base 5) to base 14.
25
-2 (base 15) to base 10
-2
19 (base 15) to base 7
33
What is -10 (base 3) in base 11?
-3
-2 (base 9) to base 4
-2
What is -3 (base 9) in base 2?
-11
Convert -2 (base 11) to base 7.
-2
Convert 33 (base 16) to base 14.
39
What is 0 (base 3) in base 9?
0
Convert -2 (base 12) to base 8.
-2
What is -9 (base 12) in base 2?
-1001
What is -125 (base 7) in base 8?
-104
-11 (base 3) to base 8
-4
Convert -8 (base 11) to base 3.
-22
Convert 2 (base 16) to base 8.
2
What is -4 (base 11) in base 8?
-4
Convert -3 (base 14) to base 10.
-3
Convert -22 (base 16) to base 9.
-37
Convert -9 (base 11) to base 13.
-9
What is -2 (base 4) in base 16?
-2
What is -11 (base 13) in base 4?
-32
1 (base 15) to base 13
1
101 (base 2) to base 6
5
8 (base 10) to base 5
13
-8 (base 13) to base 2
-1000
Convert 1010 (base 5) to base 7.
244
Convert 44 (base 8) to base 13.
2a
d (base 15) to base 8
15
What is 10 (base 14) in base 12?
12
What is 1 (base 3) in base 2?
1
What is 231 (base 6) in base 10?
91
Convert -1 (base 8) to base 6.
-1
What is 41 (base 12) in base 7?
100
-13 (base 12) to base 14
-11
What is -3 (base 7) in base 16?
-3
20 (base 12) to base 15
19
Convert -d (base 14) to base 3.
-111
Convert 1 (base 8) to base 10.
1
Convert -b8 (base 14) to base 16.
-a2
Convert -3 (base 16) to base 2.
-11
Convert 1 (base 15) to base 14.
1
112 (base 3) to base 2
1110
What is 21 (base 3) in base 14?
7
What is -56 (base 16) in base 5?
-321
Convert -30 (base 6) to base 4.
-102
Convert 2 (b